). Let v = u - 146. Suppose -5*o = -2*o - v. Is o a prime number?
False
Suppose 3958 = 4*c - 2*r, 4*r + r + 2958 = 3*c. Is c composite?
False
Suppose -2*o + t - 5*t = -5796, 0 = 5*o + 3*t - 14497. Let j = o - 1492. Let w = j + -809. Is w prime?
True
Let z(r) = -83*r + 3. Let f be z(7). Let a = f + 378. Is -1*(1 + a + -2) prime?
False
Let l(b) = 117*b - 137. Is l(14) composite?
True
Let z = -646 - -1358. Suppose 501 = s - z. Is s a prime number?
True
Suppose 3*b - 2*p = 43889, -2 = -5*p + 4*p. Is b a composite number?
True
Let i(p) = 2*p**3 - 2*p**2 - 6*p + 6. Let n be i(4). Suppose -4*w = -18 - n. Suppose 0 = -3*u - w + 471. Is u a composite number?
False
Let r(w) be the third derivative of w**5/60 - 5*w**4/24 + 7*w**3/2 - 2*w**2 - 1. Is r(11) a prime number?
False
Let o = 6374 + -1408. Suppose 0 = 2*x + 4*y - 2478, 2*x + 2*x + 3*y - o = 0. Is x a composite number?
True
Is 2098*(-9 - -6)/(-6) composite?
False
Let v(c) = 18*c**2 + 2. Let n be v(2). Let h be n/(-8)*72/(-6). Is 5*h*1/5 a prime number?
False
Suppose 9 = 8*i - 15. Suppose -2*m - i*f + 2083 = 2*f, 4*f + 2110 = 2*m. Is m composite?
False
Let s be 9/6*8/6. Suppose s*f - 408 = -2*r, -4*f - 452 = 3*r - 1267. Is f prime?
False
Let k be 14/63 + (-7171)/(-9). Suppose k = 5*o + 297. Suppose -4*s + 0*s = r - 100, -4*s + r + o = 0. Is s a composite number?
True
Let h(j) = j**2 - 10*j + 24. Let i be h(7). Let n(d) = -4*d**2 - 5*d + 1. Let o(g) = -9*g**2 - 10*g + 3. Let f(w) = 5*n(w) - 3*o(w). Is f(i) a composite number?
True
Suppose u + 5*l = 2088 + 11445, -5*u + 67749 = 4*l. Is u a composite number?
False
Suppose k = 1 + 4. Suppose 0 = k*v - l + 6*l - 385, -3*l = 2*v - 156. Suppose -f + 175 + v = a, 3*a - 752 = -f. Is a a composite number?
False
Let h(r) = -270*r**3 + 2*r**2 + 1 - 6 + 4. Let s be h(-1). Suppose 5*a - 451 = -0*u + 4*u, s = 3*a - 2*u. Is a composite?
True
Let l(w) = -280*w + 12. Let j(p) = -559*p + 23. Let g(u) = 6*j(u) - 11*l(u). Let r be g(2). Let n = -195 - r. Is n composite?
False
Let z(x) be the second derivative of x**4/12 - 7*x**3/3 - 15*x**2/2 + 6*x. Let n be z(15). Suppose 4*j + 0*j + 3*g = 329, n = -2*j - g + 165. Is j prime?
True
Suppose -2*p + 5*p - 6 = 0. Let c(g) = 16*g**2 - g. Let o be c(3). Is o + p - (1 + -3) prime?
False
Let g = -53 + 56. Suppose 0 = 2*d - 0*d - 4*h - 3706, -3*d = -g*h - 5550. Is d a composite number?
False
Suppose -4*o = -h - 3107, -5*o + 1626 = 3*h - 2279. Let g = 1401 - o. Is g composite?
True
Is (-129170)/(-6) + 36/54 composite?
False
Suppose 5*r - 75791 = -14*r. Is r a composite number?
False
Let d(z) = -z**2 + 10*z - 6. Let l be d(9). Suppose 4*j = l*j + 1637. Is j a composite number?
False
Let m = 858 - 529. Suppose 5*u - 386 - m = 0. Is u composite?
True
Let s = 48 + -43. Suppose -2*h = b - 133, -s*h + 2*b - 5*b + 330 = 0. Is h prime?
False
Let o be (2 - 0)/((-3)/(-19431)). Let s be o/14 - (-2)/(-7). Suppose -200 = 5*i - s. Is i prime?
False
Is 3/9 + (234500/6)/5 composite?
False
Let h = -159 - -160. Is ((-13356)/(-24) + (-2)/(-4))*h a prime number?
True
Let f(y) = -1 + 2*y + 4 - 3*y - 4. Let k be f(-6). Suppose 7*t - 144 = -4*l + 3*t, k*l - 174 = -3*t. Is l composite?
True
Let z = -9 + 16. Let p(f) = 26*f - 7 + 33*f - 1 - 46*f. Is p(z) a prime number?
True
Suppose 0 = 160*x - 153*x - 23709. Is x a composite number?
True
Suppose -4*v + 10 = v. Suppose k + v*k + 758 = 4*d, -k = -d + 189. Is d a prime number?
True
Let n be (-2476)/(-4) - (6/3 - 2). Let g = n + -86. Is g composite?
True
Let r(k) = k**2 + 4*k + 2. Let b be r(-4). Suppose -l + b*l = 323. Is l composite?
True
Let s(x) = 242*x**2 + 13*x + 7. Is s(-6) a prime number?
True
Let m(x) be the third derivative of -5*x**4/12 + 37*x**3/6 + 12*x**2. Is m(-6) a composite number?
False
Suppose 804 = 3*v - 147. Let w(g) = -g**3 - 7*g + 6. Let f be w(5). Let l = v + f. Is l composite?
False
Let i = 77 + -73. Suppose 2*u + 462 = i*z, 0 = 3*z - u - 3*u - 359. Is z a prime number?
True
Suppose -3*l = -3, l = -h - 3*l + 17708. Is (2*h/(-48))/((-2)/6) prime?
True
Suppose 2*q - 2 = 2. Let m be (2/q)/((-2)/(-8)). Is (-586)/(2/(m - 5)) prime?
True
Let k(d) = 179*d**2 - 20*d - 22. Is k(-3) a prime number?
False
Let f(o) = -o**3 - 2*o**2 + 7*o + 12. Let q be f(-3). Suppose -2*p + 3*h + 2919 = q, -10*p = -6*p - 2*h - 5842. Is p composite?
True
Let p(c) = 4*c**2 + 2*c - 5. Let r(k) = k**3 - 12*k**2 + 10*k + 15. Let u be r(11). Is p(u) a composite number?
False
Let m = -14 + -8. Let n be 10*(4 + m/5). Let d(g) = -8*g**3 - 5*g**2 - g + 3. Is d(n) a composite number?
False
Let t(k) = -k - 4. Let h be t(-7). Suppose 1 = l - 4, -h*l + 2875 = -i. Is 1/4 + i/(-16) a prime number?
True
Let y be (1 - 3)/(10/(-155)). Suppose 5*p + 29 = -y. Is 3/2*(-104)/p a composite number?
False
Suppose -733*i + 27282 = -727*i. Is i composite?
False
Let s = -9 + 20. Suppose 392 = x + 4*c - s, 0 = x - 2*c - 427. Is x a composite number?
False
Suppose 6*g - 10*g = -16. Suppose -2*j - 5*k - 224 = -0*k, -g*j - 448 = -4*k. Is 2/16 - 6146/j a prime number?
False
Is (-39 - -35)*1/(8/(-7978)) a composite number?
False
Let j = 812 + -376. Let d = j - -151. Is d composite?
False
Let p(s) = 6*s - 14. Let w be p(7). Let b be 6112/w - (-10)/(-35). Let c = b - 7. Is c a composite number?
False
Suppose 2*n + 14810 = 7*n. Is n a prime number?
False
Suppose -2*k + 12 = -6*k. Let s = k - -3. Suppose 3*o + 4*z - 161 = s, o = z + 2*z + 32. Is o prime?
True
Suppose 5*l + 3113 = 23693. Suppose -333 - l = -3*c. Is c a composite number?
False
Let i = 31554 + -18227. Is i a prime number?
True
Let v = 13372 - 3753. Is v prime?
True
Let a(j) = -8*j - 2 + 4 + 0*j - 32*j. Let u be a(3). Is -15*(-1)/(-6)*u composite?
True
Let b = -2 - 0. Let x be 3 - 2/(b + 4). Is (-6)/(-18)*(491 - x) prime?
True
Is -3 + 454 + -3*8/(-12) a prime number?
False
Suppose -2*z - c + 22532 = z, -4*c = -z + 7489. Is z a prime number?
False
Let m(b) = -11*b**3 + 6*b**2 + 14*b + 3. Let r be m(6). Is r/2*30/(-45) a composite number?
False
Let s = -7025 + 5004. Let w = -1159 - s. Is w a composite number?
True
Let c(y) = y**3 + 14*y**2 - 15*y - 1. Let p = 38 + -53. Let d be c(p). Is 14/7 + (d - -90) a prime number?
False
Let w(j) = j**3 + 7*j**2 + 2*j - 19. Let s be w(-6). Let h(u) be the second derivative of u**5/20 - u**4/3 + u**3/3 - 2*u**2 + 2*u. Is h(s) a composite number?
False
Let x(q) = -15*q + 11. Let v be ((-12)/(-8))/(4/8). Let y(m) = -3*m + 1. Let d be y(v). Is x(d) a prime number?
True
Suppose -r + 84 = 3*r. Is (r/(-14))/(3/(-94)) composite?
False
Suppose -8 + 0 = 3*l - 4*t, -5*l + 30 = 2*t. Suppose -2*q + 8*f + 203 = 5*f, 5*f + 407 = l*q. Is q prime?
True
Let x(d) = 75*d**2 + 30*d + 103. Is x(20) prime?
True
Let n = 57059 - -29652. Is n a prime number?
True
Is -5 + 1 + 2092*(-9)/(-4) composite?
False
Suppose 4*s + 6 = 18. Let p(a) = 104*a + 11. Is p(s) prime?
False
Let a(z) = 4*z - 16. Let w be a(5). Is (2 - 10/w)*-506 prime?
False
Let a = -28 - -32. Suppose -a*c + 54 = -4*x - 9*c, -2*x - 2*c - 26 = 0. Is 167/(-3)*(2 + x) a composite number?
True
Let b(t) = -4*t - 2. Let r be b(0). Is (r + 6/4)*1550/(-5) composite?
True
Suppose 66*g - 62*g = 16724. Is g prime?
False
Let k(n) = 4*n - 4. Let p be k(-9). Is (-32271)/(-27) + 2 + p/18 prime?
False
Let r(c) = -2 - 1 + 11*c - 39*c - 8*c. Let t(n) = -2*n**2 - 4*n + 1. Let b be t(-3). Is r(b) composite?
True
Is ((-75367)/(-4))/(62/248) a composite number?
False
Let k = 107 - 110. Let i(p) = -10*p - 1. Let l be i(-1). Is (290/(-6))/(k/l) a composite number?
True
Let x = 40 + 128. Is (-112)/(-16)*(0 + (x - 1)) composite?
True
Is ((-6)/(-4))/((-99)/(-2945778)) composite?
False
Suppose -5525 - 12640 = -15*s. Is s a prime number?
False
Is 298*(-68)/(-8) - (-12)/(-6) composite?
False
Let i(s) = -58*s - 1. Let o be i(-6). Suppose -w = -o - 26. Is w prime?
True
Let m(o) be the second derivative of o**5/20 + o**4/12 + o**3/3 - 11*o**2/2 - 3*o. Let i be m(10). Suppose 0 = 4*y - i - 543. Is y a composite number?
True
Let w(q) = 54*q**2 + 7*q - 16. Is w(3) composite?
False
Suppose -2*o = -2*c + 5494, -c + 7*o + 2763 = 2*o. Is c a composite number?
True
Let d = 87 + -87. Suppose d = -2*g + 10*g - 3448. Is g a prime number?
True
Suppose -4*w + 2*r + 159718 = 0, -11*r + 3 = -14*r. Is w a composite number?
False
Let d = -10 + 23. Suppose d